= 2 + 2. Let f = 22 - 16. What is the greatest common divisor of f and d?
2
Let z(h) = -6*h**3 + 2*h**2 - 1. Let s be z(-1). Suppose 9*c - 6 = s*c. Let t(n) = 4*n. Let j be t(6). What is the highest common factor of j and c?
3
Suppose 3*k - 2*k - 9 = 0. What is the greatest common factor of k and 18?
9
Suppose -44 = -4*o + 5*z, z - 3 + 25 = 3*o. Suppose v = 4*v + 3*t + o, 3*v - 2*t = 9. Suppose 0 = -y + 2 + v. What is the highest common divisor of y and 3?
3
Suppose 5*q = -0*q + 10. What is the highest common factor of 14 and q?
2
Let n(v) = v**2 + 8. Let a be n(0). What is the greatest common divisor of a and 64?
8
Suppose -q = 2*q - 1161. Suppose -3*p - 32 = d - q, 5*p = -3*d + 585. What is the greatest common divisor of p and 15?
15
Let n be (-7)/(-2) + 2/4. Let a(x) = x**3 - 15*x**2 - 17*x + 22. Let h be a(16). What is the greatest common factor of n and h?
2
Suppose 0 = c - a - 113 - 30, -3*c = 5*a - 429. What is the greatest common divisor of c and 33?
11
Let z = 26 + -10. What is the greatest common divisor of z and 4?
4
Suppose 0 = 3*s - 15, 7*s - 3*s - 170 = -2*a. Let d = -42 - -72. What is the greatest common factor of d and a?
15
Let c = -7 + 10. Suppose -2*d + c = -167. Calculate the highest common divisor of 34 and d.
17
Suppose 0 = l - 3 + 1. Suppose -l*m + 45 = 3*m. Suppose -4*x = -3*q + 34, -q - x + 0*x = -m. Calculate the highest common factor of q and 4.
2
Let m(p) = 9*p - 4. Let w be m(6). Let a = -4 + w. What is the highest common divisor of 23 and a?
23
Let o(f) = -4*f**2 - f. Let c be o(2). Let p be c/(-4)*(-10)/(-5). What is the greatest common factor of 72 and p?
9
Suppose 4*l - 12 + 32 = 0. Let k = l + 4. Let j be (-189)/(-12) - k/4. What is the greatest common divisor of 32 and j?
16
Let z(v) = v + 7. Let y be z(6). Suppose -5*a + 2*t = 22, -5*a - 3 - 13 = 4*t. Let d be ((-2)/a)/(1/52). What is the greatest common divisor of d and y?
13
Let i(w) = 2*w + 3 - 3*w**2 + 0*w**3 + 2*w**3 - 3. Let c be i(3). What is the greatest common factor of c and 22?
11
Let y = -18 - -21. Calculate the highest common factor of 3 and y.
3
Let s(t) = -2*t**3 - 8*t**2 - 6*t + 7. Let z be s(-5). What is the highest common factor of 29 and z?
29
Suppose -21 = 4*w - 65. What is the highest common divisor of w and 121?
11
Suppose 0 = -2*y - 5*n + 63, n = 4*y - 23 - 114. Let z = 53 - y. Let w(v) = -v**2 + 20*v - 4. Let f be w(9). What is the highest common factor of f and z?
19
Suppose -4*h = j - 7 - 9, -2*h + 8 = -3*j. Calculate the greatest common divisor of 12 and h.
4
Suppose -7*j + 1325 = -425. What is the greatest common factor of j and 100?
50
Let m(d) be the second derivative of d**4/6 - 2*d**3/3 + 2*d**2 - 4*d. Let s be m(3). What is the greatest common factor of 30 and s?
10
Let h(k) = 22*k**2 - k - 2. Let t be h(-2). Suppose 25 = 5*b, 5*b - 57 = -g - 3*g. What is the greatest common factor of g and t?
8
Let s = 47 + -36. Calculate the highest common factor of s and 1.
1
Let l(x) = -x**3 + x + 22. Let p be l(0). Let c be 786/(-9) - 6/9. Let y = 154 + c. Calculate the highest common factor of p and y.
22
Let i = 2 + 0. Suppose 3*m = i*m + 121. Let n = 10 - -1. Calculate the highest common divisor of n and m.
11
Suppose 2 = -a - 2. Let u be (-5)/(-3) - a/12. Suppose -170 = -2*i - 5*t, 554 = 5*i - u*t + 187. What is the greatest common divisor of 15 and i?
15
Suppose f + 2*f + 48 = 5*d, 5*f = 4*d - 28. Suppose 23 + 145 = 2*m. Calculate the highest common divisor of d and m.
12
Suppose -5*n + k = -85, -3*k = 2*k. Let i = n - 11. Calculate the greatest common divisor of 15 and i.
3
Let z(a) = -a**3 - 10*a**2 - 10*a - 12. Let p be z(-10). What is the greatest common factor of 8 and p?
8
Suppose 0*r + 3*r - 132 = -3*b, -4*r + b + 201 = 0. What is the highest common factor of r and 7?
7
Let g(h) = h**3 + h**2 - h + 6. Suppose 0 = -4*t + 1 - 25. Let n = 6 + t. Let o be g(n). Calculate the highest common factor of o and 15.
3
Let v = -14 + 14. Suppose v = 3*p - 5*p + 54. What is the greatest common divisor of 27 and p?
27
Let v(b) = b**3 - 5*b**2 + 2*b + 3. Let y be v(5). Let o = -11 + y. Calculate the highest common factor of 1 and o.
1
Suppose -5*d + 14 = 3*y, 2*d - 13 = -3*y - 2*d. Let v be y/(3/20) - -4. Calculate the greatest common divisor of v and 3.
3
Let t = 34 - 16. Let c = t + 36. Calculate the greatest common divisor of c and 6.
6
Let d = 3 - -21. Let y = 15 - 11. Let i be 9/(14/y - 2). Calculate the greatest common divisor of d and i.
6
Let g(t) = t**2 + 11*t + 18. Let z be g(-14). Suppose -8 = 4*i + 2*p - 98, -3*p + 87 = 4*i. Calculate the greatest common factor of z and i.
12
Let f be (-58)/(-2) + (-1)/(-1). Suppose 4*a + 3*n - 83 = 0, -n - f = 3*a - 86. Calculate the greatest common divisor of 68 and a.
17
Let v be (7/(-2))/(2/(-8)). Let i = 23 - v. Let m be (-4)/(-8)*(-2 + 4). Calculate the highest common divisor of m and i.
1
Suppose 5 = -s + 6. Let c(a) = a**3 - 2 + a**3 + s. Let v be c(1). What is the greatest common divisor of 1 and v?
1
Let i = 13 + -1. Let h = -46 + 64. What is the highest common factor of i and h?
6
Let h = 5 + 7. Calculate the highest common divisor of 48 and h.
12
Let z = -254 - -283. Let y be 5*(464/10)/2. What is the highest common divisor of y and z?
29
Let u(l) = l**3 + 7*l**2 + 8*l + 6. Let p be u(-6). Let v be 2/(-4)*(p - -2). Suppose 0 = -v*x + 8. What is the greatest common factor of x and 10?
2
Let t be (-16)/(-6)*(-3)/1. Let b = 11 + t. Suppose -2*a + 4*v = -118, -b*a + v = 2*v - 163. Calculate the greatest common factor of 22 and a.
11
Suppose 0 = 3*h - 25 - 29. Suppose 3*q - 5*q = 3*m - h, 4*q = 4*m + 16. Calculate the greatest common factor of 4 and q.
2
Let f(u) = -u - 8. Let l be f(-9). Suppose 8*c = 3*c - 10, 0 = -2*o + 2*c - 38. Let y = 29 + o. What is the greatest common divisor of l and y?
1
Let r = 41 - 27. What is the highest common factor of 2 and r?
2
Suppose -5 = -s + 3. Let g be (6/(-18))/(1/6). Let l be (-28)/(-7)*(-2)/g. Calculate the highest common divisor of s and l.
4
Suppose -4*s = -h - 3 - 11, -2*s - 3*h = 0. Calculate the greatest common factor of 12 and s.
3
Let r be 2 + (-1 - 0) - -2. Let v(c) = c. Let h be v(r). Suppose -5*w - 5*l + 7 = -2*l, 5*w = -l + 9. What is the greatest common divisor of w and h?
1
Suppose 4*l + t = 4*t + 754, l = -2*t + 194. Calculate the greatest common factor of 38 and l.
38
Let s be 4/(-16) + 2308/16. What is the greatest common divisor of s and 16?
16
Let j be 3/(-2)*(0 - 2). Suppose -5*a = -j*a - 24. Let t = a + -1. Calculate the greatest common divisor of 110 and t.
11
Let r = 37 - 22. Calculate the highest common divisor of r and 6.
3
Let t(r) = r**3 + 19*r**2 + 8*r + 36. Let u be t(-18). What is the highest common divisor of u and 27?
27
Suppose -2*v - 2 + 6 = 0. Let l be ((-4)/6)/((-6)/45). Suppose 2*k - 5*j - 51 = -2*k, l*k + 5*j = 75. Calculate the greatest common factor of k and v.
2
Let a = 404 - 287. Calculate the highest common factor of a and 13.
13
Let y be -3 + (-5)/(20/(-228)). Calculate the highest common factor of 6 and y.
6
Let g = -60 + 78. What is the greatest common factor of g and 162?
18
Let l = 65 - 49. Calculate the highest common divisor of 176 and l.
16
Let v be 716/16 - 3/(-12). What is the highest common factor of 180 and v?
45
Let q = 118 + -84. Suppose -5*j - 3*k + 8 = -58, k = 3*j - q. Calculate the greatest common divisor of 96 and j.
12
Suppose g + 4*u - 59 = 0, 7*u - 60 = -g + 2*u. Suppose 0*l = -5*l + g. Calculate the greatest common factor of l and 121.
11
Let p be -6*(-4)/(3/(-39)*-6). What is the greatest common divisor of p and 39?
13
Let z(o) = 12*o**2 - 2*o - 7. Let g be z(3). Calculate the highest common factor of g and 38.
19
Let j be 23 + (4 - 2) + 0. Calculate the greatest common divisor of j and 10.
5
Suppose d = -3*j - 1, -3*j = -2*d - 3*d + 85. Calculate the highest common factor of d and 140.
14
Let f be (55 - 3/3)/2. Suppose -h + 3*q = 0, 4*q - 38 = -3*h + f. Suppose -5*b = -0*b - 825. Calculate the greatest common factor of b and h.
15
Let a(j) = 19*j - 1. Let k be a(2). What is the highest common divisor of 111 and k?
37
Let h(x) = x**3 - 5*x**2 - 5*x + 4. Let p be h(6). Let r = 9 + -5. Let c = p - r. What is the highest common factor of c and 48?
6
Let c = -6 + -3. Let o = c + 74.